ed by 7.
4
Calculate the remainder when 107 is divided by 24.
11
Calculate the remainder when 930 is divided by 146.
54
Calculate the remainder when 319 is divided by 163.
156
What is the remainder when 48 is divided by 12?
0
What is the remainder when 1513 is divided by 16?
9
Calculate the remainder when 2803 is divided by 400.
3
What is the remainder when 293 is divided by 109?
75
Calculate the remainder when 30 is divided by 10.
0
What is the remainder when 1049 is divided by 514?
21
Calculate the remainder when 1733 is divided by 53.
37
What is the remainder when 1367 is divided by 43?
34
Calculate the remainder when 165 is divided by 42.
39
Calculate the remainder when 240 is divided by 27.
24
What is the remainder when 1151 is divided by 255?
131
What is the remainder when 22 is divided by 19?
3
Calculate the remainder when 110 is divided by 8.
6
What is the remainder when 352 is divided by 29?
4
What is the remainder when 217 is divided by 70?
7
Calculate the remainder when 1149 is divided by 323.
180
Calculate the remainder when 688 is divided by 108.
40
Calculate the remainder when 40 is divided by 7.
5
What is the remainder when 551 is divided by 154?
89
Calculate the remainder when 1155 is divided by 17.
16
Calculate the remainder when 25 is divided by 2.
1
What is the remainder when 1978 is divided by 90?
88
Calculate the remainder when 109 is divided by 16.
13
What is the remainder when 237 is divided by 5?
2
Calculate the remainder when 314 is divided by 80.
74
What is the remainder when 271 is divided by 69?
64
What is the remainder when 391 is divided by 68?
51
Calculate the remainder when 2211 is divided by 219.
21
Calculate the remainder when 14 is divided by 6.
2
Calculate the remainder when 87 is divided by 6.
3
What is the remainder when 460 is divided by 22?
20
What is the remainder when 5757 is divided by 7?
3
What is the remainder when 465 is divided by 37?
21
What is the remainder when 144 is divided by 56?
32
What is the remainder when 156 is divided by 23?
18
What is the remainder when 90 is divided by 47?
43
What is the remainder when 1062 is divided by 527?
8
What is the remainder when 166 is divided by 40?
6
Calculate the remainder when 2022 is divided by 53.
8
Calculate the remainder when 71 is divided by 67.
4
Calculate the remainder when 9371 is divided by 25.
21
What is the remainder when 57 is divided by 28?
1
What is the remainder when 2879 is divided by 67?
65
Calculate the remainder when 117 is divided by 14.
5
What is the remainder when 575 is divided by 24?
23
What is the remainder when 249 is divided by 36?
33
Calculate the remainder when 528 is divided by 106.
104
What is the remainder when 679 is divided by 40?
39
What is the remainder when 1544 is divided by 78?
62
What is the remainder when 119 is divided by 20?
19
Calculate the remainder when 774 is divided by 198.
180
What is the remainder when 671 is divided by 16?
15
Calculate the remainder when 77 is divided by 13.
12
What is the remainder when 4610 is divided by 919?
15
Calculate the remainder when 635 is divided by 126.
5
Calculate the remainder when 190 is divided by 54.
28
What is the remainder when 260 is divided by 53?
48
What is the remainder when 15077 is divided by 11?
7
What is the remainder when 343 is divided by 86?
85
What is the remainder when 287 is divided by 56?
7
What is the remainder when 2360 is divided by 264?
248
What is the remainder when 208 is divided by 5?
3
Calculate the remainder when 105 is divided by 34.
3
Calculate the remainder when 183 is divided by 67.
49
What is the remainder when 197 is divided by 109?
88
What is the remainder when 41 is divided by 11?
8
What is the remainder when 40 is divided by 35?
5
Calculate the remainder when 129 is divided by 25.
4
What is the remainder when 3739 is divided by 85?
84
Calculate the remainder when 1631 is divided by 23.
21
Calculate the remainder when 1334 is divided by 437.
23
Calculate the remainder when 52 is divided by 7.
3
What is the remainder when 558 is divided by 10?
8
What is the remainder when 93 is divided by 34?
25
Calculate the remainder when 1689 is divided by 77.
72
What is the remainder when 145 is divided by 37?
34
Calculate the remainder when 237 is divided by 63.
48
Calculate the remainder when 201 is divided by 44.
25
What is the remainder when 527 is divided by 8?
7
Calculate the remainder when 58 is divided by 32.
26
Calculate the remainder when 87 is divided by 54.
33
Calculate the remainder when 31 is divided by 12.
7
Calculate the remainder when 699 is divided by 70.
69
Calculate the remainder when 423 is divided by 3.
0
Calculate the remainder when 4358 is divided by 24.
14
Calculate the remainder when 128 is divided by 66.
62
What is the remainder when 447 is divided by 30?
27
What is the remainder when 79 is divided by 17?
11
What is the remainder when 396 is divided by 43?
9
Calculate the remainder when 284 is divided by 61.
40
What is the remainder when 299 is divided by 105?
89
Calculate the remainder when 43 is divided by 26.
17
What is the remainder when 1104 is divided by 100?
4
Calculate the remainder when 2427 is divided by 606.
3
What is the remainder when 59 is divided by 15?
14
What is the remainder when 362 is divided by 216?
146
What is the remainder when 69 is divided by 18?
15
Calculate the remainder when 599 is divided by 31.
10
What is the remainder when 410 is divided by 84?
74
Calculate the remainder when 56 is divided by 31.
25
What is the remainder when 972 is divided by 47?
32
What is the remainder when 155 is divided by 23?
17
What is the remainder when 14013 is divided by 32?
29
Calculate the remainder when 105 is divided by 23.
13
Calculate the remainder when 494 is divided by 98.
4
Calculate the remainder when 803 is divided by 54.
47
Calculate the remainder when 230 is divided by 34.
26
Calculate the remainder when 13 is divided by 12.
1
What is the remainder when 424 is divided by 394?
30
What is the remainder when 23 is divided by 22?
1
What is the remainder when 307 is divided by 24?
19
Calculate the remainder when 61 is divided by 13.
9
Calculate the remainder when 229 is divided by 10.
9
What is the remainder when 928 is divided by 30?
28
What is the remainder when 100 is divided by 26?
22
Calculate the remainder when 100 is divided by 42.
16
What is the remainder when 82 is divided by 59?
23
Calculate the remainder when 93 is divided by 22.
5
Calculate the remainder when 1225 is divided by 443.
339
What is the remainder when 130 is divided by 67?
63
What is the remainder when 1931 is divided by 21?
20
Calculate the remainder when 10 is divided by 8.
2
What is the remainder when 375 is divided by 28?
11
Calculate the remainder when 66 is divided by 4.
2
Calculate the remainder when 61 is divided by 52.
9
Calculate the remainder when 251 is divided by 39.
17
What is the remainder when 638 is divided by 128?
126
Calculate the remainder when 1166 is divided by 14.
4
Calculate the remainder when 491 is divided by 54.
5
What is the remainder when 196 is divided by 75?
46
Calculate the remainder when 2769 is divided by 99.
96
Calculate the remainder when 414 is divided by 42.
36
Calculate the remainder when 130 is divided by 42.
4
What is the remainder when 205 is divided by 15?
10
What is the remainder when 1392 is divided by 15?
12
What is the remainder when 53 is divided by 9?
8
Calculate the remainder when 319 is divided by 10.
9
Calculate the remainder when 7134 is divided by 32.
30
Calculate the remainder when 1104 is divided by 199.
109
What is the remainder when 3130 is divided by 58?
56
Calculate the remainder when 839 is divided by 104.
7
Calculate the remainder when 516 is divided by 52.
48
Calculate the remainder when 362 is divided by 92.
86
Calculate the remainder when 14488 is divided by 42.
40
What is the remainder when 159 is divided by 17?
6
Calculate the remainder when 1775 is divided by 37.
36
Calculate the remainder when 1763 is divided by 126.
125
Calculate the remainder when 611 is divided by 34.
33
What is the remainder when 55 is divided by 3?
1
Calculate the remainder when 79 is divided by 24.
7
Calculate the remainder when 1115 is divided by 20.
15
Calculate the remainder when 147 is d